{"id":1761,"date":"2021-03-23T15:22:30","date_gmt":"2021-03-23T14:22:30","guid":{"rendered":"https:\/\/binz-partner.de\/web\/?page_id=1761"},"modified":"2025-06-25T12:13:36","modified_gmt":"2025-06-25T10:13:36","slug":"karriere","status":"publish","type":"page","link":"https:\/\/binz-partner.de\/web\/karriere\/","title":{"rendered":"Karriere"},"content":{"rendered":"<p>[vc_row columns_on_tablet=&#8220;keep&#8220; padding_top=&#8220;30&#8243; padding_bottom=&#8220;30&#8243; use_background=&#8220;yes&#8220; background_color=&#8220;#ffffff&#8220; use_overlay_background_color=&#8220;true&#8220;][vc_column h_text_align=&#8220;left&#8220; h_text_align_mobile=&#8220;left-on-mobile&#8220; v_align=&#8220;v-align-middle&#8220; use_background=&#8220;yes&#8220; background_color=&#8220;#ffffff&#8220; column_offset=&#8220;&#8220; column_push=&#8220;&#8220; column_pull=&#8220;&#8220; width=&#8220;1\/1&#8243;][tm_hero_2 image_id=&#8220;1279&#8243; hero_column_width=&#8220;8&#8243; hero_column_offset=&#8220;2&#8243; textarea_html_bkg_color=&#8220;#ffffff&#8220; text_color=&#8220;#ffffff&#8220; content_animation=&#8220;slideInUpShort&#8220;]<\/p>\n<h2><\/h2>\n<p>[\/tm_hero_2][\/vc_column][\/vc_row][vc_row force_fullwidth=&#8220;true&#8220; columns_on_tablet=&#8220;keep&#8220; padding_top=&#8220;30&#8243; padding_bottom=&#8220;30&#8243; use_background=&#8220;yes&#8220; background_color=&#8220;#ffffff&#8220; is_section_block=&#8220;yes&#8220;][vc_column h_text_align=&#8220;left&#8220; h_text_align_mobile=&#8220;left-on-mobile&#8220; v_align=&#8220;v-align-middle&#8220; use_background=&#8220;yes&#8220; background_color=&#8220;#ffffff&#8220; column_offset=&#8220;1&#8243; column_push=&#8220;&#8220; column_pull=&#8220;&#8220; width=&#8220;5\/6&#8243;][tm_textblock textarea_html_bkg_color=&#8220;#ffffff&#8220;]<\/p>\n<h1>Ihre Karriere bei Binz &amp; Partner<\/h1>\n<p class=\"p1\">Herzlich willkommen bei Binz &amp; Partner in Stuttgart. Unsere Anwalts-Boutique geh\u00f6rt zu den ersten Adressen, wenn es um die L\u00f6sung spezifischer Probleme von <strong>Familienunternehmen<\/strong> geht. Wir beraten seit Jahrzehnten bundesweit Familienunternehmen und deren Eigent\u00fcmerfamilien. Unser Markenzeichen ist die Kombination von juristischem Know-how, unternehmerischem Denken, psychologischem Einf\u00fchlungsverm\u00f6gen, kreativem Verhandlungsgeschick und au\u00dfergew\u00f6hnlichem pers\u00f6nlichen Einsatz mit starker Erfolgsorientierung. <strong>Schwerpunkte<\/strong> unserer Beratung sind:<\/p>\n<ul>\n<li>\n<p class=\"p1\" style=\"margin-bottom: 1rem;\"><strong>Nachfolgeregelungen<\/strong><br \/>\nUnternehmer-Testament, Erbvertrag, vorweggenommene Erbfolge, Stiftungsl\u00f6sungen<\/p>\n<\/li>\n<li>\n<p class=\"p1\" style=\"margin-bottom: 1rem;\"><strong>Gesellschafterkonflikte<\/strong><br \/>\nVermeidung und L\u00f6sung von Gesellschafterkonflikten<\/p>\n<\/li>\n<li>\n<p class=\"p1\" style=\"margin-bottom: 1rem;\"><strong>Neuordnungen<\/strong><br \/>\nRechtsformwechsel, Gesellschaftsvertr\u00e4ge, Steueroptimierung, Familienverfassungen, Kodex<\/p>\n<\/li>\n<li>\n<p class=\"p1\" style=\"margin-bottom: 1rem;\"><strong>M&amp;A<\/strong><br \/>\nKauf und Verkauf von Unternehmen und Beteiligungen, interne Auktionsverfahren, Akquisitionsfinanzierungen<\/p>\n<\/li>\n<li>\n<p class=\"p1\" style=\"margin-bottom: 1rem;\"><strong>Wahrnehmung von Beirats- und Aufsichtsratsmandaten<\/strong><br \/>\nVertretung von Familienunternehmern auf Dauer oder wegen mittelfristiger strategischer Ziele wie Begleitung eines Generationenwechsels etc.<\/p>\n<\/li>\n<\/ul>\n<p class=\"p1\">Wir verfolgen stets einen <strong>ganzheitlichen, unternehmerischen L\u00f6sungsansatz<\/strong>, der auf unseren jahrzehntelangen Erfahrungen in der Beratung von Familienunternehmen beruht und ma\u00dfgeschneidert alle Besonderheiten des Einzelfalls ber\u00fccksichtigt. Die Grundlage unserer T\u00e4tigkeit sind h\u00f6chste <strong>juristische Qualit\u00e4t, Kreativit\u00e4t und unternehmerisches Denken<\/strong>, um fu\u0308r unsere Mandanten optimale Konzepte und L\u00f6sungen fu\u0308r ihre Probleme zu entwickeln \u2013 aber auch <strong>Pers\u00f6nlichkeit, Charisma, Ehrgeiz und Durchsetzungsverm\u00f6gen<\/strong>, um diese erfolgreich in die Tat umzusetzen. Daneben sind wir auch schriftstellerisch aktiv. Das von uns herausgegebene Standardwerk \u201e<strong>Die GmbH &amp; Co. KG &#8211; Handbuch fu\u0308r Familienunternehmen<\/strong>\u201c ist zuletzt in der 12. Auflage im Verlag C.H. Beck erschienen.<\/p>\n<p>[\/tm_textblock][tm_raw_html]JTNDZGl2JTIwc3R5bGUlM0QlMjJoZWlnaHQlM0EzMHB4JTNCJTIyJTNFJTNDJTJGZGl2JTNF[\/tm_raw_html][tm_textblock textarea_html_bkg_color=&#8220;#ffffff&#8220;]<\/p>\n<h2>Unsere Stellenangebote<\/h2>\n<p class=\"p1\">Wir haben interessante Positionen zu besetzen. Neben einer attraktiven Verg\u00fctung bieten wir insbesondere ein repr\u00e4sentatives Arbeitsumfeld innerhalb eines famili\u00e4ren und freundlichen Teams, eine g\u00fcnstige Verkehrsanbindung, kostenfreie Kalt- und Hei\u00dfgetr\u00e4nke, einen w\u00f6chentlichen Obstkorb sowie Mitarbeiter-Events. Wir freuen uns auf Ihre Bewerbung.<\/p>\n<p>[\/tm_textblock][tm_raw_html]JTNDZGl2JTIwc3R5bGUlM0QlMjJoZWlnaHQlM0EzMHB4JTNCJTIyJTNFJTNDJTJGZGl2JTNF[\/tm_raw_html][tm_textblock textarea_html_bkg_color=&#8220;#ffffff&#8220;]<\/p>\n<h3>Rechtsanwalt f\u00fcr Gesellschafts- und Steuerrecht (m\/w\/d)<\/h3>\n<p class=\"p1\" style=\"margin-bottom: 2rem;\">F\u00fcr unsere <strong>Referate Gesellschafts- und Steuerrecht<\/strong> suchen wir einen j\u00fcngeren <strong>Rechtsanwalt <\/strong>(m\/w\/d) mit hervorragender Qualifikation (Pr\u00e4dikatsexamen, Promotion, verhandlungssicheres Englisch) und Freude an fachliterarischer T\u00e4tigkeit. Wir bieten einen sch\u00f6nen Arbeitsplatz im Gr\u00fcnen, sehr pers\u00f6nliche Atmosph\u00e4re und konkrete Aussicht auf Partnerschaft. Einige Jahre Berufserfahrung sind von Vorteil.<\/p>\n<p><a class=\"button content-button-css-11 medium mb-0 mb-mobile-30\" href=\"https:\/\/binz-partner.de\/web\/karriere\/rechtsanwalt-fuer-gesellschafts-und-steuerrecht-m-w-d\/\" rel=\"noopener\">Ausf\u00fchrliche Stellenanzeige \u2192<\/a><\/p>\n<p>Ihre aussagekr\u00e4ftigen Bewerbungsunterlagen (mit Lichtbild und Gehaltsvorstellungen), die wir genauso vertraulich behandeln wie ein Anwaltsgeheimnis, mailen Sie bitte an das pers\u00f6nliche Postfach von Prof. Dr. Mark Binz: <a href=\"mailto:binz@binz-partner.de\">binz@binz-partner.de<\/a>[\/tm_textblock][tm_raw_html]JTNDZGl2JTIwc3R5bGUlM0QlMjJoZWlnaHQlM0EzMHB4JTNCJTIyJTNFJTNDJTJGZGl2JTNF[\/tm_raw_html][tm_textblock textarea_html_bkg_color=&#8220;#ffffff&#8220;]<\/p>\n<h3>Sekret\u00e4rin in Teil- oder Vollzeit (m\/w\/d)<\/h3>\n<p class=\"p1\" style=\"margin-bottom: 2rem;\">F\u00fcr unsere Kanzlei suchen wir eine <strong>Sekret\u00e4rin in Teil- oder Vollzeit<\/strong> (m\/w\/d) mit abgeschlossener Berufsausbildung im Sekretariatsbereich. Sie beherrschen die deutsche Rechtschreibung aus dem Effeff. Aufgrund Ihrer Berufserfahrung sind Sie auch im gelegentlich hektischen B\u00fcroalltag in der Lage, Priorit\u00e4ten zu setzen und behalten dabei einen klaren Kopf. Sie zeichnet eine vorausschauende und qualit\u00e4tsbewusste Arbeitsweise aus. Ebenfalls bereitet Ihnen der Umgang mit den g\u00e4ngigen Office-Produkten keine Schwierigkeiten. Dann freuen wir uns auf Ihre Bewerbung.<\/p>\n<p><a class=\"button content-button-css-11 medium mb-0 mb-mobile-30\" href=\"https:\/\/binz-partner.de\/web\/karriere\/sekretaerin-in-teil-oder-vollzeit-m-w-d\/\" rel=\"noopener\">Ausf\u00fchrliche Stellenanzeige \u2192<\/a><\/p>\n<p>Bitte senden Sie uns Ihre vollst\u00e4ndigen Bewerbungsunterlagen per E-Mail (m\u00f6glichst zusammengefasst in einer PDF-Datei) unter Angabe Ihres fr\u00fchestm\u00f6glichen Eintrittstermins und Ihrer Gehaltsvorstellung an Frau Kleyer \u2013 <a href=\"mailto:kleyer@binz-partner.de\">kleyer@binz-partner.de<\/a>[\/tm_textblock][tm_raw_html]JTNDZGl2JTIwc3R5bGUlM0QlMjJoZWlnaHQlM0EzMHB4JTNCJTIyJTNFJTNDJTJGZGl2JTNF[\/tm_raw_html][\/vc_column][vc_column h_text_align=&#8220;left&#8220; h_text_align_mobile=&#8220;left&#8220; v_align=&#8220;v-align-middle&#8220; use_background=&#8220;&#8220; width=&#8220;1\/6&#8243;][\/vc_column][\/vc_row]<\/p>","protected":false},"excerpt":{"rendered":"<p>[vc_row columns_on_tablet=&#8220;keep&#8220; padding_top=&#8220;30&#8243; padding_bottom=&#8220;30&#8243; use_background=&#8220;yes&#8220; background_color=&#8220;#ffffff&#8220; use_overlay_background_color=&#8220;true&#8220;][vc_column h_text_align=&#8220;left&#8220; h_text_align_mobile=&#8220;left-on-mobile&#8220; v_align=&#8220;v-align-middle&#8220; use_background=&#8220;yes&#8220; background_color=&#8220;#ffffff&#8220; column_offset=&#8220;&#8220; column_push=&#8220;&#8220; column_pull=&#8220;&#8220; width=&#8220;1\/1&#8243;][tm_hero_2 image_id=&#8220;1279&#8243; hero_column_width=&#8220;8&#8243; hero_column_offset=&#8220;2&#8243; textarea_html_bkg_color=&#8220;#ffffff&#8220; text_color=&#8220;#ffffff&#8220; content_animation=&#8220;slideInUpShort&#8220;] [\/tm_hero_2][\/vc_column][\/vc_row][vc_row force_fullwidth=&#8220;true&#8220; columns_on_tablet=&#8220;keep&#8220; padding_top=&#8220;30&#8243; padding_bottom=&#8220;30&#8243; use_background=&#8220;yes&#8220; background_color=&#8220;#ffffff&#8220; is_section_block=&#8220;yes&#8220;][vc_column h_text_align=&#8220;left&#8220; h_text_align_mobile=&#8220;left-on-mobile&#8220; v_align=&#8220;v-align-middle&#8220; use_background=&#8220;yes&#8220; background_color=&#8220;#ffffff&#8220; column_offset=&#8220;1&#8243; column_push=&#8220;&#8220; column_pull=&#8220;&#8220; width=&#8220;5\/6&#8243;][tm_textblock textarea_html_bkg_color=&#8220;#ffffff&#8220;] Ihre Karriere bei Binz &amp; Partner Herzlich willkommen bei Binz &amp; Partner in Stuttgart. Unsere &#8230; <\/p>\n","protected":false},"author":2,"featured_media":0,"parent":0,"menu_order":0,"comment_status":"closed","ping_status":"closed","template":"","meta":[],"_links":{"self":[{"href":"https:\/\/binz-partner.de\/web\/wp-json\/wp\/v2\/pages\/1761"}],"collection":[{"href":"https:\/\/binz-partner.de\/web\/wp-json\/wp\/v2\/pages"}],"about":[{"href":"https:\/\/binz-partner.de\/web\/wp-json\/wp\/v2\/types\/page"}],"author":[{"embeddable":true,"href":"https:\/\/binz-partner.de\/web\/wp-json\/wp\/v2\/users\/2"}],"replies":[{"embeddable":true,"href":"https:\/\/binz-partner.de\/web\/wp-json\/wp\/v2\/comments?post=1761"}],"version-history":[{"count":20,"href":"https:\/\/binz-partner.de\/web\/wp-json\/wp\/v2\/pages\/1761\/revisions"}],"predecessor-version":[{"id":2207,"href":"https:\/\/binz-partner.de\/web\/wp-json\/wp\/v2\/pages\/1761\/revisions\/2207"}],"wp:attachment":[{"href":"https:\/\/binz-partner.de\/web\/wp-json\/wp\/v2\/media?parent=1761"}],"curies":[{"name":"wp","href":"https:\/\/api.w.org\/{rel}","templated":true}]}}